{"id":40,"date":"2022-08-31T19:37:37","date_gmt":"2022-08-31T17:37:37","guid":{"rendered":"https:\/\/newolympicsavate.fr\/?page_id=40"},"modified":"2026-04-20T16:35:39","modified_gmt":"2026-04-20T14:35:39","slug":"horaires-inscription","status":"publish","type":"page","link":"https:\/\/newolympicsavate.fr\/?page_id=40","title":{"rendered":"Horaires &#038; Inscription"},"content":{"rendered":"\n<h4 class=\"wp-block-heading\"><strong>\ud83d\udea7 <\/strong><mark style=\"background-color:rgba(0, 0, 0, 0)\" class=\"has-inline-color has-primary-color\">A partir du 3 f\u00e9vrier les cours du mardi changent temporairement de gymnase. <\/mark><\/h4>\n\n\n\n<h4 class=\"wp-block-heading\"><mark style=\"background-color:rgba(0, 0, 0, 0)\" class=\"has-inline-color has-primary-color\">Ils se d\u00e9rouleront \u00e0 la salle Polygone-Meynis<\/mark>, 274 rue Paul Bert 69003 Lyon.<\/h4>\n\n\n\n<h4 class=\"wp-block-heading\"><mark style=\"background-color:rgba(0, 0, 0, 0)\" class=\"has-inline-color has-primary-color\">Pour acc\u00e9der au gymnase, vous devrez passer le portail \u00e0 gauche du b\u00e2timent.<\/mark><\/h4>\n\n\n\n<h4 class=\"wp-block-heading\"><mark style=\"background-color:rgba(0, 0, 0, 0)\" class=\"has-inline-color has-primary-color\">S&rsquo;agissant d&rsquo;un site s\u00e9curis\u00e9, l&rsquo;entr\u00e9e sera possible de 19h50 \u00e0 20h10<\/mark> \ud83d\udd70\ufe0f<\/h4>\n\n\n\n<h2 class=\"wp-block-heading\">Horaires &amp; lieux des s\u00e9ances<\/h2>\n\n\n\n<div class=\"wp-block-columns is-layout-flex wp-container-core-columns-is-layout-28f84493 wp-block-columns-is-layout-flex\">\n<div class=\"wp-block-column is-layout-flow wp-block-column-is-layout-flow\">\n<p><strong>Lundi, Jeudi et Vendredi de 20h00 \u00e0 21h30<\/strong> les cours se d\u00e9roulent \u00e0 Vaise, Gymnase Audrey Hepburn &#8211; <a href=\"https:\/\/www.google.com\/maps\/@45.7775097,4.8024331,3a,75y,188.55h,79.11t\/data=!3m7!1e1!3m5!1st3ouF-KggT1pH_bWlVnLXg!2e0!6shttps:%2F%2Fstreetviewpixels-pa.googleapis.com%2Fv1%2Fthumbnail%3Fcb_client%3Dmaps_sv.tactile%26w%3D900%26h%3D600%26pitch%3D10.893818497220067%26panoid%3Dt3ouF-KggT1pH_bWlVnLXg%26yaw%3D188.54970973018672!7i16384!8i8192?entry=ttu&amp;g_ep=EgoyMDI2MDExMy4wIKXMDSoASAFQAw%3D%3D\">11 Rue Laure Diebold, 69009 Lyon<\/a><\/p>\n\n\n\n<iframe src=\"https:\/\/www.google.com\/maps\/embed?pb=!1m18!1m12!1m3!1d5565.380834286192!2d4.79737619097782!3d45.77739423793043!2m3!1f0!2f0!3f0!3m2!1i1024!2i768!4f13.1!3m3!1m2!1s0x47f4eb6f01e04dd1%3A0xd5c791136c9058b8!2s11%20Rue%20Laure%20Diebold%2C%2069009%20Lyon!5e0!3m2!1sfr!2sfr!4v1768931144158!5m2!1sfr!2sfr\" width=\"600\" height=\"450\" style=\"border:0;\" allowfullscreen=\"\" loading=\"lazy\" referrerpolicy=\"no-referrer-when-downgrade\"><\/iframe>\n<\/div>\n\n\n\n<div class=\"wp-block-column is-layout-flow wp-block-column-is-layout-flow\">\n<p><strong>Mardi de 20h00 \u00e0 21h30<\/strong> les cours se d\u00e9roulent \u00e0 la salle Polygone-Meynis &#8211; <a href=\"https:\/\/www.google.com\/maps\/@45.756457,4.869997,3a,75y,185.37h,90t\/data=!3m7!1e1!3m5!1six3XLub23etE2M4WwO4YQg!2e0!6shttps:%2F%2Fstreetviewpixels-pa.googleapis.com%2Fv1%2Fthumbnail%3Fcb_client%3Dmaps_sv.tactile%26w%3D900%26h%3D600%26pitch%3D0%26panoid%3Dix3XLub23etE2M4WwO4YQg%26yaw%3D185.37094!7i16384!8i8192?entry=ttu&amp;g_ep=EgoyMDI2MDExMy4wIKXMDSoASAFQAw%3D%3D\">274 Rue Paul Bert, 69003 Lyon.<\/a><\/p>\n\n\n\n<iframe src=\"https:\/\/www.google.com\/maps\/embed?pb=!1m18!1m12!1m3!1d2783.750316732925!2d4.86737907664225!3d45.75615131391121!2m3!1f0!2f0!3f0!3m2!1i1024!2i768!4f13.1!3m3!1m2!1s0x47f4ea78937e37e7%3A0x1d2d7ca0b269572a!2s274%20Rue%20Paul%20Bert%2C%2069003%20Lyon!5e0!3m2!1sfr!2sfr!4v1768931102368!5m2!1sfr!2sfr\" width=\"600\" height=\"450\" style=\"border:0;\" allowfullscreen=\"\" loading=\"lazy\" referrerpolicy=\"no-referrer-when-downgrade\"><\/iframe>\n<\/div>\n<\/div>\n\n\n\n<hr class=\"wp-block-separator has-alpha-channel-opacity is-style-dots\"\/>\n\n\n\n<div class=\"wp-block-columns is-layout-flex wp-container-core-columns-is-layout-28f84493 wp-block-columns-is-layout-flex\">\n<div class=\"wp-block-column is-layout-flow wp-block-column-is-layout-flow\">\n<figure class=\"wp-block-image size-large is-resized\"><img fetchpriority=\"high\" decoding=\"async\" width=\"1024\" height=\"768\" src=\"https:\/\/newolympicsavate.fr\/wp-content\/uploads\/2023\/05\/cross-training-min-1024x768.jpg\" alt=\"\" class=\"wp-image-743\" style=\"width:269px;height:201px\" srcset=\"https:\/\/newolympicsavate.fr\/wp-content\/uploads\/2023\/05\/cross-training-min-1024x768.jpg 1024w, https:\/\/newolympicsavate.fr\/wp-content\/uploads\/2023\/05\/cross-training-min-300x225.jpg 300w, https:\/\/newolympicsavate.fr\/wp-content\/uploads\/2023\/05\/cross-training-min-768x576.jpg 768w, https:\/\/newolympicsavate.fr\/wp-content\/uploads\/2023\/05\/cross-training-min-1536x1152.jpg 1536w, https:\/\/newolympicsavate.fr\/wp-content\/uploads\/2023\/05\/cross-training-min-2048x1536.jpg 2048w, https:\/\/newolympicsavate.fr\/wp-content\/uploads\/2023\/05\/cross-training-min-16x12.jpg 16w, https:\/\/newolympicsavate.fr\/wp-content\/uploads\/2023\/05\/cross-training-min-2000x1500.jpg 2000w\" sizes=\"(max-width: 1024px) 100vw, 1024px\" \/><\/figure>\n<\/div>\n\n\n\n<div class=\"wp-block-column is-layout-flow wp-block-column-is-layout-flow\">\n<p><strong>Chaque vendredi<\/strong>, le NOS propose un entra\u00eenement de type cross-training adapt\u00e9 pour la boxe ! <\/p>\n\n\n\n<p>La s\u00e9ance commence par un circuit de plusieurs exercices puis se termine par quelques assauts libres.<\/p>\n<\/div>\n\n\n\n<div class=\"wp-block-column is-layout-flow wp-block-column-is-layout-flow\">\n<figure class=\"wp-block-image size-large is-resized\"><img decoding=\"async\" width=\"768\" height=\"1024\" src=\"https:\/\/newolympicsavate.fr\/wp-content\/uploads\/2023\/05\/cross-training-sac-min-768x1024.jpg\" alt=\"\" class=\"wp-image-744\" style=\"width:168px;height:224px\" srcset=\"https:\/\/newolympicsavate.fr\/wp-content\/uploads\/2023\/05\/cross-training-sac-min-768x1024.jpg 768w, https:\/\/newolympicsavate.fr\/wp-content\/uploads\/2023\/05\/cross-training-sac-min-225x300.jpg 225w, https:\/\/newolympicsavate.fr\/wp-content\/uploads\/2023\/05\/cross-training-sac-min-1152x1536.jpg 1152w, https:\/\/newolympicsavate.fr\/wp-content\/uploads\/2023\/05\/cross-training-sac-min-1536x2048.jpg 1536w, https:\/\/newolympicsavate.fr\/wp-content\/uploads\/2023\/05\/cross-training-sac-min-9x12.jpg 9w, https:\/\/newolympicsavate.fr\/wp-content\/uploads\/2023\/05\/cross-training-sac-min-2000x2667.jpg 2000w, https:\/\/newolympicsavate.fr\/wp-content\/uploads\/2023\/05\/cross-training-sac-min-scaled.jpg 1920w\" sizes=\"(max-width: 768px) 100vw, 768px\" \/><\/figure>\n<\/div>\n<\/div>\n\n\n\n<h2 class=\"wp-block-heading\">Inscription &amp; tarifs<\/h2>\n\n\n\n<h3 class=\"wp-block-heading\">Fiche d&rsquo;inscription<\/h3>\n\n\n\n<p>Vous trouverez ci-dessous <strong>la fiche d&rsquo;inscription<\/strong> \u00e0 apporter lors de votre premi\u00e8re s\u00e9ance :<\/p>\n\n\n\n<div class=\"wp-block-buttons is-content-justification-center is-layout-flex wp-container-core-buttons-is-layout-e0953b40 wp-block-buttons-is-layout-flex\" style=\"border-style:none;border-width:0px;border-radius:0px;margin-top:0;margin-bottom:0;padding-top:0;padding-right:0;padding-bottom:0;padding-left:0\">\n<div class=\"wp-block-button has-custom-width wp-block-button__width-50 aligncenter is-style-fill\"><a class=\"wp-block-button__link has-small-font-size has-custom-font-size wp-element-button\" href=\"https:\/\/newolympicsavate.fr\/wp-content\/uploads\/2025\/09\/Bulletin_inscription_NOS.pdf\" target=\"_blank\" rel=\"noreferrer noopener\">Fiche inscription<\/a><\/div>\n<\/div>\n\n\n\n<h3 class=\"wp-block-heading\">Certificat m\u00e9dical<\/h3>\n\n\n\n<p>Pour les renouvellements de certificat m\u00e9dical (hors comp\u00e9tition sous forme de combat), vous pouvez nous fournir cette attestation de sant\u00e9 :<\/p>\n\n\n\n<div class=\"wp-block-buttons is-content-justification-center is-layout-flex wp-container-core-buttons-is-layout-a89b3969 wp-block-buttons-is-layout-flex\">\n<div class=\"wp-block-button has-custom-width wp-block-button__width-50\"><a class=\"wp-block-button__link wp-element-button\" href=\"https:\/\/www.ffsavate.com\/content\/uploads\/2023\/05\/ATTESTATION_majeur_reponses_negatives.pdf\" target=\"_blank\" rel=\"noreferrer noopener\">Attestation de sant\u00e9<\/a><\/div>\n<\/div>\n\n\n\n<h3 class=\"wp-block-heading\">Tarifs annuel<\/h3>\n\n\n\n<figure class=\"wp-block-table is-style-regular\"><table class=\"has-background has-fixed-layout\" style=\"background-color:#ffffff00\"><thead><tr><th class=\"has-text-align-center\" data-align=\"center\">Cat\u00e9gorie<\/th><th class=\"has-text-align-center\" data-align=\"center\">Saison 2025-2026<\/th><\/tr><\/thead><tbody><tr><td class=\"has-text-align-center\" data-align=\"center\">Adultes<\/td><td class=\"has-text-align-center\" data-align=\"center\">240\u20ac<\/td><\/tr><tr><td class=\"has-text-align-center\" data-align=\"center\">Adolescents &#8211; de 16 ans<\/td><td class=\"has-text-align-center\" data-align=\"center\">190\u20ac<\/td><\/tr><\/tbody><\/table><figcaption class=\"wp-element-caption\">\n    Possibilit\u00e9 de venir s\u2019entrainer <strong>le lundi, mardi, jeudi et vendredi<\/strong>\n  <\/figcaption><\/figure>\n\n\n\n<h2 class=\"wp-block-heading\">Mat\u00e9riel de savate boxe fran\u00e7aise<\/h2>\n\n\n\n<p>Le club pr\u00eate des gants mais rapidement chacun pr\u00e9f\u00e8re investir dans un paire plus adapt\u00e9e \u00e0 soi.<\/p>\n\n\n\n<p>Le club b\u00e9n\u00e9ficie de tarifs pr\u00e9f\u00e9rentiels pour du mat\u00e9riel de meilleure qualit\u00e9, avec une enseigne sp\u00e9cialis\u00e9e :<\/p>\n\n\n\n<div class=\"wp-block-group is-vertical is-content-justification-center is-layout-flex wp-container-core-group-is-layout-ce155fab wp-block-group-is-layout-flex\">\n<p class=\"has-text-align-center\">Arts Martiaux lyonnais<\/p>\n\n\n\n<p class=\"has-text-align-center\">18 Rue d&rsquo;Austerlitz, 69004 Lyon &#8211; 04 78 39 60 60<\/p>\n\n\n\n<iframe src=\"https:\/\/www.google.com\/maps\/embed?pb=!1m18!1m12!1m3!1d2782.7825778760707!2d4.832000515777932!3d45.775547420634744!2m3!1f0!2f0!3f0!3m2!1i1024!2i768!4f13.1!3m3!1m2!1s0x47f4eae301ae19ab%3A0x351e53522994b668!2sArts%20Martiaux%20Lyonnais!5e0!3m2!1sfr!2sfr!4v1662394510288!5m2!1sfr!2sfr\" style=\"border:0;\" allowfullscreen=\"\" loading=\"lazy\" referrerpolicy=\"no-referrer-when-downgrade\" width=\"400\" height=\"300\"><\/iframe>\n<\/div>\n\n\n\n<p><\/p>\n","protected":false},"excerpt":{"rendered":"<p>\ud83d\udea7 A partir du 3 f\u00e9vrier les cours du mardi changent temporairement de gymnase. Ils se d\u00e9rouleront \u00e0 la salle Polygone-Meynis, 274 rue Paul Bert 69003 Lyon. Pour acc\u00e9der au gymnase, vous devrez passer le portail \u00e0 gauche du b\u00e2timent. S&rsquo;agissant d&rsquo;un site s\u00e9curis\u00e9, l&rsquo;entr\u00e9e sera possible de 19h50 \u00e0 20h10 \ud83d\udd70\ufe0f Horaires &amp; lieux &hellip; <\/p>\n<p class=\"link-more\"><a href=\"https:\/\/newolympicsavate.fr\/?page_id=40\" class=\"more-link\">Lire la suite de<span class=\"screen-reader-text\">\u00ab\u00a0Horaires &#038; Inscription\u00a0\u00bb<\/span><\/a><\/p>\n","protected":false},"author":1,"featured_media":0,"parent":0,"menu_order":0,"comment_status":"closed","ping_status":"closed","template":"","meta":{"ngg_post_thumbnail":0,"footnotes":""},"class_list":["post-40","page","type-page","status-publish","hentry"],"_links":{"self":[{"href":"https:\/\/newolympicsavate.fr\/index.php?rest_route=\/wp\/v2\/pages\/40","targetHints":{"allow":["GET"]}}],"collection":[{"href":"https:\/\/newolympicsavate.fr\/index.php?rest_route=\/wp\/v2\/pages"}],"about":[{"href":"https:\/\/newolympicsavate.fr\/index.php?rest_route=\/wp\/v2\/types\/page"}],"author":[{"embeddable":true,"href":"https:\/\/newolympicsavate.fr\/index.php?rest_route=\/wp\/v2\/users\/1"}],"replies":[{"embeddable":true,"href":"https:\/\/newolympicsavate.fr\/index.php?rest_route=%2Fwp%2Fv2%2Fcomments&post=40"}],"version-history":[{"count":151,"href":"https:\/\/newolympicsavate.fr\/index.php?rest_route=\/wp\/v2\/pages\/40\/revisions"}],"predecessor-version":[{"id":1521,"href":"https:\/\/newolympicsavate.fr\/index.php?rest_route=\/wp\/v2\/pages\/40\/revisions\/1521"}],"wp:attachment":[{"href":"https:\/\/newolympicsavate.fr\/index.php?rest_route=%2Fwp%2Fv2%2Fmedia&parent=40"}],"curies":[{"name":"wp","href":"https:\/\/api.w.org\/{rel}","templated":true}]}}

<h4 class="wp-block-heading"><strong>🚧 </strong><mark style="background-color:rgba(0, 0, 0, 0)" class="has-inline-color has-primary-color">A partir du 3 février les cours du mardi changent temporairement de gymnase. </mark></h4>



<h4 class="wp-block-heading"><mark style="background-color:rgba(0, 0, 0, 0)" class="has-inline-color has-primary-color">Ils se dérouleront à la salle Polygone-Meynis</mark>, 274 rue Paul Bert 69003 Lyon.</h4>



<h4 class="wp-block-heading"><mark style="background-color:rgba(0, 0, 0, 0)" class="has-inline-color has-primary-color">Pour accéder au gymnase, vous devrez passer le portail à gauche du bâtiment.</mark></h4>



<h4 class="wp-block-heading"><mark style="background-color:rgba(0, 0, 0, 0)" class="has-inline-color has-primary-color">S&rsquo;agissant d&rsquo;un site sécurisé, l&rsquo;entrée sera possible de 19h50 à 20h10</mark> 🕰️</h4>



<h2 class="wp-block-heading">Horaires &amp; lieux des séances</h2>



<div class="wp-block-columns is-layout-flex wp-container-core-columns-is-layout-28f84493 wp-block-columns-is-layout-flex">
<div class="wp-block-column is-layout-flow wp-block-column-is-layout-flow">
<p><strong>Lundi, Jeudi et Vendredi de 20h00 à 21h30</strong> les cours se déroulent à Vaise, Gymnase Audrey Hepburn &#8211; <a href="https://www.google.com/maps/@45.7775097,4.8024331,3a,75y,188.55h,79.11t/data=!3m7!1e1!3m5!1st3ouF-KggT1pH_bWlVnLXg!2e0!6shttps:%2F%2Fstreetviewpixels-pa.googleapis.com%2Fv1%2Fthumbnail%3Fcb_client%3Dmaps_sv.tactile%26w%3D900%26h%3D600%26pitch%3D10.893818497220067%26panoid%3Dt3ouF-KggT1pH_bWlVnLXg%26yaw%3D188.54970973018672!7i16384!8i8192?entry=ttu&amp;g_ep=EgoyMDI2MDExMy4wIKXMDSoASAFQAw%3D%3D">11 Rue Laure Diebold, 69009 Lyon</a></p>



<iframe src="https://www.google.com/maps/embed?pb=!1m18!1m12!1m3!1d5565.380834286192!2d4.79737619097782!3d45.77739423793043!2m3!1f0!2f0!3f0!3m2!1i1024!2i768!4f13.1!3m3!1m2!1s0x47f4eb6f01e04dd1%3A0xd5c791136c9058b8!2s11%20Rue%20Laure%20Diebold%2C%2069009%20Lyon!5e0!3m2!1sfr!2sfr!4v1768931144158!5m2!1sfr!2sfr" width="600" height="450" style="border:0;" allowfullscreen="" loading="lazy" referrerpolicy="no-referrer-when-downgrade"></iframe>
</div>



<div class="wp-block-column is-layout-flow wp-block-column-is-layout-flow">
<p><strong>Mardi de 20h00 à 21h30</strong> les cours se déroulent à la salle Polygone-Meynis &#8211; <a href="https://www.google.com/maps/@45.756457,4.869997,3a,75y,185.37h,90t/data=!3m7!1e1!3m5!1six3XLub23etE2M4WwO4YQg!2e0!6shttps:%2F%2Fstreetviewpixels-pa.googleapis.com%2Fv1%2Fthumbnail%3Fcb_client%3Dmaps_sv.tactile%26w%3D900%26h%3D600%26pitch%3D0%26panoid%3Dix3XLub23etE2M4WwO4YQg%26yaw%3D185.37094!7i16384!8i8192?entry=ttu&amp;g_ep=EgoyMDI2MDExMy4wIKXMDSoASAFQAw%3D%3D">274 Rue Paul Bert, 69003 Lyon.</a></p>



<iframe src="https://www.google.com/maps/embed?pb=!1m18!1m12!1m3!1d2783.750316732925!2d4.86737907664225!3d45.75615131391121!2m3!1f0!2f0!3f0!3m2!1i1024!2i768!4f13.1!3m3!1m2!1s0x47f4ea78937e37e7%3A0x1d2d7ca0b269572a!2s274%20Rue%20Paul%20Bert%2C%2069003%20Lyon!5e0!3m2!1sfr!2sfr!4v1768931102368!5m2!1sfr!2sfr" width="600" height="450" style="border:0;" allowfullscreen="" loading="lazy" referrerpolicy="no-referrer-when-downgrade"></iframe>
</div>
</div>



<hr class="wp-block-separator has-alpha-channel-opacity is-style-dots"/>



<div class="wp-block-columns is-layout-flex wp-container-core-columns-is-layout-28f84493 wp-block-columns-is-layout-flex">
<div class="wp-block-column is-layout-flow wp-block-column-is-layout-flow">
<figure class="wp-block-image size-large is-resized"><img fetchpriority="high" decoding="async" width="1024" height="768" src="https://newolympicsavate.fr/wp-content/uploads/2023/05/cross-training-min-1024x768.jpg" alt="" class="wp-image-743" style="width:269px;height:201px" srcset="https://newolympicsavate.fr/wp-content/uploads/2023/05/cross-training-min-1024x768.jpg 1024w, https://newolympicsavate.fr/wp-content/uploads/2023/05/cross-training-min-300x225.jpg 300w, https://newolympicsavate.fr/wp-content/uploads/2023/05/cross-training-min-768x576.jpg 768w, https://newolympicsavate.fr/wp-content/uploads/2023/05/cross-training-min-1536x1152.jpg 1536w, https://newolympicsavate.fr/wp-content/uploads/2023/05/cross-training-min-2048x1536.jpg 2048w, https://newolympicsavate.fr/wp-content/uploads/2023/05/cross-training-min-16x12.jpg 16w, https://newolympicsavate.fr/wp-content/uploads/2023/05/cross-training-min-2000x1500.jpg 2000w" sizes="(max-width: 1024px) 100vw, 1024px" /></figure>
</div>



<div class="wp-block-column is-layout-flow wp-block-column-is-layout-flow">
<p><strong>Chaque vendredi</strong>, le NOS propose un entraînement de type cross-training adapté pour la boxe ! </p>



<p>La séance commence par un circuit de plusieurs exercices puis se termine par quelques assauts libres.</p>
</div>



<div class="wp-block-column is-layout-flow wp-block-column-is-layout-flow">
<figure class="wp-block-image size-large is-resized"><img decoding="async" width="768" height="1024" src="https://newolympicsavate.fr/wp-content/uploads/2023/05/cross-training-sac-min-768x1024.jpg" alt="" class="wp-image-744" style="width:168px;height:224px" srcset="https://newolympicsavate.fr/wp-content/uploads/2023/05/cross-training-sac-min-768x1024.jpg 768w, https://newolympicsavate.fr/wp-content/uploads/2023/05/cross-training-sac-min-225x300.jpg 225w, https://newolympicsavate.fr/wp-content/uploads/2023/05/cross-training-sac-min-1152x1536.jpg 1152w, https://newolympicsavate.fr/wp-content/uploads/2023/05/cross-training-sac-min-1536x2048.jpg 1536w, https://newolympicsavate.fr/wp-content/uploads/2023/05/cross-training-sac-min-9x12.jpg 9w, https://newolympicsavate.fr/wp-content/uploads/2023/05/cross-training-sac-min-2000x2667.jpg 2000w, https://newolympicsavate.fr/wp-content/uploads/2023/05/cross-training-sac-min-scaled.jpg 1920w" sizes="(max-width: 768px) 100vw, 768px" /></figure>
</div>
</div>



<h2 class="wp-block-heading">Inscription &amp; tarifs</h2>



<h3 class="wp-block-heading">Fiche d&rsquo;inscription</h3>



<p>Vous trouverez ci-dessous <strong>la fiche d&rsquo;inscription</strong> à apporter lors de votre première séance :</p>



<div class="wp-block-buttons is-content-justification-center is-layout-flex wp-container-core-buttons-is-layout-e0953b40 wp-block-buttons-is-layout-flex" style="border-style:none;border-width:0px;border-radius:0px;margin-top:0;margin-bottom:0;padding-top:0;padding-right:0;padding-bottom:0;padding-left:0">
<div class="wp-block-button has-custom-width wp-block-button__width-50 aligncenter is-style-fill"><a class="wp-block-button__link has-small-font-size has-custom-font-size wp-element-button" href="https://newolympicsavate.fr/wp-content/uploads/2025/09/Bulletin_inscription_NOS.pdf" target="_blank" rel="noreferrer noopener">Fiche inscription</a></div>
</div>



<h3 class="wp-block-heading">Certificat médical</h3>



<p>Pour les renouvellements de certificat médical (hors compétition sous forme de combat), vous pouvez nous fournir cette attestation de santé :</p>



<div class="wp-block-buttons is-content-justification-center is-layout-flex wp-container-core-buttons-is-layout-a89b3969 wp-block-buttons-is-layout-flex">
<div class="wp-block-button has-custom-width wp-block-button__width-50"><a class="wp-block-button__link wp-element-button" href="https://www.ffsavate.com/content/uploads/2023/05/ATTESTATION_majeur_reponses_negatives.pdf" target="_blank" rel="noreferrer noopener">Attestation de santé</a></div>
</div>



<h3 class="wp-block-heading">Tarifs annuel</h3>



<figure class="wp-block-table is-style-regular"><table class="has-background has-fixed-layout" style="background-color:#ffffff00"><thead><tr><th class="has-text-align-center" data-align="center">Catégorie</th><th class="has-text-align-center" data-align="center">Saison 2025-2026</th></tr></thead><tbody><tr><td class="has-text-align-center" data-align="center">Adultes</td><td class="has-text-align-center" data-align="center">240€</td></tr><tr><td class="has-text-align-center" data-align="center">Adolescents &#8211; de 16 ans</td><td class="has-text-align-center" data-align="center">190€</td></tr></tbody></table><figcaption class="wp-element-caption">
    Possibilité de venir s’entrainer <strong>le lundi, mardi, jeudi et vendredi</strong>
  </figcaption></figure>



<h2 class="wp-block-heading">Matériel de savate boxe française</h2>



<p>Le club prête des gants mais rapidement chacun préfère investir dans un paire plus adaptée à soi.</p>



<p>Le club bénéficie de tarifs préférentiels pour du matériel de meilleure qualité, avec une enseigne spécialisée :</p>



<div class="wp-block-group is-vertical is-content-justification-center is-layout-flex wp-container-core-group-is-layout-ce155fab wp-block-group-is-layout-flex">
<p class="has-text-align-center">Arts Martiaux lyonnais</p>



<p class="has-text-align-center">18 Rue d&rsquo;Austerlitz, 69004 Lyon &#8211; 04 78 39 60 60</p>



<iframe src="https://www.google.com/maps/embed?pb=!1m18!1m12!1m3!1d2782.7825778760707!2d4.832000515777932!3d45.775547420634744!2m3!1f0!2f0!3f0!3m2!1i1024!2i768!4f13.1!3m3!1m2!1s0x47f4eae301ae19ab%3A0x351e53522994b668!2sArts%20Martiaux%20Lyonnais!5e0!3m2!1sfr!2sfr!4v1662394510288!5m2!1sfr!2sfr" style="border:0;" allowfullscreen="" loading="lazy" referrerpolicy="no-referrer-when-downgrade" width="400" height="300"></iframe>
</div>



<p></p>

<p>🚧 A partir du 3 février les cours du mardi changent temporairement de gymnase. Ils se dérouleront à la salle Polygone-Meynis, 274 rue Paul Bert 69003 Lyon. Pour accéder au gymnase, vous devrez passer le portail à gauche du bâtiment. S&rsquo;agissant d&rsquo;un site sécurisé, l&rsquo;entrée sera possible de 19h50 à 20h10 🕰️ Horaires &amp; lieux &hellip; </p>
<p class="link-more"><a href="https://newolympicsavate.fr/?page_id=40" class="more-link">Lire la suite de<span class="screen-reader-text">« Horaires &#038; Inscription »</span></a></p>
